 w*v - 13*v. Is v a prime number?
False
Let n(d) = 61*d**2 + 10*d - 13. Suppose 0 = -3*u + 4*h + 68, 2*u + 4*h = 85 - 33. Suppose 18 = 5*l + 4*y, 5*l - u = 3*l + 4*y. Is n(l) a composite number?
False
Suppose 11*t + 0*t + 7854 = 0. Is -1*33*(t/18 + 10) a composite number?
True
Suppose -x + 25297 = 4*u, -4*u + 15754 = -4*x - 9518. Is u a composite number?
False
Suppose 4*c - m = 5, -m + 4*m + 15 = -c. Let f(n) = -3*n + 1. Let w be f(-1). Suppose -2*i - w*q = -2106, c = 2*i - 5*q - 1013 - 1102. Is i a composite number?
True
Is 50/(-15) + (-450494)/(-6) composite?
False
Let y = 315947 - 130138. Is y prime?
False
Let g(f) = 5*f - 14. Let h be g(-10). Let w = h - -72. Is 3780/w + (-6)/4 a prime number?
False
Let q = 2600 - 1190. Let n = q + 1999. Is n composite?
True
Suppose -h = 5, -5*h = 2*s - 4*h - 19147. Suppose -2*p + 41738 = s. Is p composite?
True
Let u be 1166*5/(-50) - 2/5. Let r = u - -341. Let w = -157 + r. Is w a prime number?
True
Let f = -237 + 241. Suppose f*t - 9887 - 4901 = 0. Is t a composite number?
False
Let b(f) = -f**3 + 3*f**2 + f - 1. Let q = -20 + 23. Let x be b(q). Suppose -x*j + 20 = -1062. Is j a composite number?
False
Let v(j) = j**3 - 4*j**2 - 3*j + 2. Let t be v(5). Suppose -6*c = -9*c - t. Is (1 + 0)*2*(-74)/c a prime number?
True
Let a = 14718 - -194401. Is a composite?
True
Let a be 78633/(-3 - 0)*1. Let x be a*4/(-12) + -4. Let t = -5800 + x. Is t prime?
False
Let o(m) = -29*m - 23. Let h be o(5). Let i = 833 + h. Suppose b + 2063 = 3*c - b, c = -5*b + i. Is c prime?
False
Let m(j) = -2*j**2 + 10*j + 7*j**2 + 5 - 4 - 19. Let k(o) = -11*o**2 - 21*o + 37. Let x(y) = 4*k(y) + 9*m(y). Is x(-9) a composite number?
False
Suppose 0 = 109*o - 1552592 + 360459. Is o a prime number?
True
Suppose 5*p = 5*k + 825, 5*p - 7*k + 3*k - 823 = 0. Let m be (-1 - 3)/(7/(84/(-16))). Suppose -d = -x + 42 + 10, -p = -m*x - 4*d. Is x prime?
True
Let b(s) = 109696*s**2 - 4*s + 119. Is b(-4) a prime number?
False
Suppose 2*g + 18 = 5*g. Let f(a) = 11*a**3 - 10*a**2 - 19*a + 17. Is f(g) a prime number?
False
Suppose 16*n = 17*n - 1. Suppose 13 - n = x. Suppose 10*f - x*f = -178. Is f composite?
False
Let c(z) = 62*z + 2. Let w be c(1). Suppose -w = 6*d + 2276. Let o = 611 + d. Is o a prime number?
False
Suppose 50*n = 52*n - 17664. Suppose -3*d - n = -5*c - 4*d, -7053 = -4*c - 5*d. Suppose 5*f - c = -z - 349, -2*z = -5*f - 2851. Is z composite?
False
Is (-11)/(132/616024)*15/(-10) a prime number?
True
Suppose 49*x = -4*f + 44*x + 406381, 2*x = f - 101605. Is f prime?
True
Let h(x) = -135*x**3 + 11*x**2 - 8*x + 5. Let j be h(-10). Suppose -12726 = 21*f - j. Is f a prime number?
True
Suppose -5*q - d + 81 = -3*d, q = -4*d + 3. Suppose -q = -5*w, -5*l + 1449 = -2*w - 3580. Is l a composite number?
True
Let b(z) = z**3 - 12*z**2 + 17. Let f be b(12). Let u(j) = 110*j - 31. Let y(w) = -331*w + 92. Let c(d) = f*u(d) + 6*y(d). Is c(-9) a composite number?
False
Let r(y) = -y**3 - y**2 + 3*y + 4. Let q be r(-2). Suppose 759 = l + 2*d, 0 = l + q*d + 3*d - 753. Let z = l - 449. Is z prime?
False
Let g(b) be the second derivative of -32*b**3 - 191*b**2/2 + 17*b + 1. Is g(-25) a composite number?
True
Let t(h) = 4126*h - 1373. Is t(6) prime?
False
Let w = 554395 + -316286. Is w prime?
True
Suppose 5*o - 42 = -u, -2*u = o - 6*u. Suppose 0 = -o*s + 3*s + 21635. Is s composite?
False
Suppose -7 - 29 = -6*v. Suppose 0*h + 18558 = v*h. Is h composite?
True
Let l be 4798 - (-7)/((-21)/9). Suppose -f = -6*f + l. Suppose 1536 + f = g. Is g composite?
True
Let n be (91/(-39))/((-2)/16674). Suppose m = -3*u + 19453, -m + n = -0*m - u. Suppose -2*h - m = -9*h. Is h composite?
True
Suppose -64 = -28*y + 12*y. Suppose -3*k + 2*f + 17255 = 0, -28755 = y*k - 9*k + 4*f. Is k prime?
False
Suppose 0*m + 130 = 5*m. Is 3 - m*((9 - 4) + -201) a prime number?
True
Let v be ((-64)/10)/((-6)/30). Let y = v + -24. Is 3834/y + (-1 - 6/(-8)) a prime number?
True
Suppose 0 = 4*l + 4*a - 394440, -493046 = -7*l + 2*l - a. Is l a prime number?
False
Suppose -7*k + 555404 = 111975. Is k prime?
True
Let s be (36 - (-4)/2) + -4. Suppose q - s = -36. Is ((-4)/(-16))/(1*q/(-10552)) prime?
True
Is (7 - 2 - -8936)/(7 - 6) a composite number?
False
Suppose 0 = 3*t + 8 - 20. Let w(b) = 27*b**2 + 14*b - 25. Let l be w(10). Suppose -t*s + l = s. Is s a composite number?
False
Let r be (-4)/6 - ((-70)/15 + 3). Suppose -2*o + 5 - r = 0. Suppose -o*k = -2*t + 914, 5*t + 0*k = 3*k + 2285. Is t composite?
False
Let v(f) = 45207*f**2 - 11*f + 15. Is v(-4) composite?
True
Suppose 5 = 5*t, -11*f - 2*t = -9*f - 13096. Suppose -5*z = 2*c - 7032 - 1151, 4*z + c = f. Is z a composite number?
False
Suppose -14*q + 6*q = -40. Suppose q*i + 3627 = -4*g, 4*i + 2*g + 2901 = -g. Let f = i - -1682. Is f a prime number?
False
Let a(m) = 227*m**2 - 15*m + 219. Suppose -255 - 115 = -37*s. Is a(s) a prime number?
True
Let p(q) = -q**2 + 1. Let s be p(-3). Let z(y) = 64*y + 17. Let o(g) = 127*g + 37. Let r(d) = 2*o(d) - 5*z(d). Is r(s) composite?
True
Suppose 2*x + 3*t - 9235 = 0, 0 = 2*x + 3*t - 5*t - 9230. Suppose -8*v = x - 23584. Is v prime?
True
Suppose 22*l = 7*l + 57480. Is ((-1)/(4 + -3))/((-4)/l) a composite number?
True
Suppose 33*k - 38*k - 37 = -2*n, 4*n = k + 47. Suppose n*m = -5*m + 7472. Is m prime?
True
Suppose -26*t - 60002 = -3*v - 31*t, 2*t - 20001 = -v. Is v composite?
True
Let t = 47 - 42. Let n(v) = -33*v - 32. Let c be n(-1). Is c + (-3)/t + 9003/5 a composite number?
False
Suppose 181 + 295 = -5*a - v, -3*v + 492 = -5*a. Let n = a - -485. Is n prime?
True
Let q be 9/6*(0 - 4/(-3)). Suppose q*w = -2, 2*w - 6 + 32 = 3*u. Is ((-918)/u + -2)*-4 a composite number?
False
Is 6612588/(-18)*14/(-28) composite?
False
Let p(a) = 7*a**2 - 11*a - 8 + 5*a**2 + 0. Let y be -12 + ((-118)/(-17) - 8/(-136)). Is p(y) a composite number?
False
Suppose -122*k + 3459867 + 10196194 = -3977453. Is k composite?
True
Suppose -208434 = -8*s + 6*s. Suppose 73*x + s = 76*x. Is x prime?
True
Suppose 280021 = 8*i - 15139. Suppose -2*w = 3*r - 17983, r = -5*w + 8095 + i. Is w a prime number?
True
Let o(m) = 30*m**2 - 8*m + 3. Let x(n) = -31*n**2 + 7*n - 2. Let w(r) = 6*o(r) + 7*x(r). Let z(v) be the first derivative of w(v). Is z(-3) a composite number?
False
Suppose 0 = -t + 2*w + 31461, 0 = -w - 386 + 390. Is t a prime number?
True
Suppose 0 = c - 3*c + s + 2, -5*c = 5*s + 10. Suppose 3*y + 4*p - 19302 - 14343 = 0, c = -5*y + 5*p + 56110. Is y composite?
True
Let j be (-3888)/(-11) - 24/(-44). Let c = 605 - j. Is c a prime number?
True
Suppose 7 + 35 = 21*d. Suppose -d*k = 5*m - 8101, 4*k - 4078 = 3*k + 3*m. Is k a composite number?
True
Suppose -20*f + 2152834 = -191726 - 2791100. Is f a prime number?
False
Suppose 0 = 3*o - 2*z - 2161307, 289999 + 430411 = o + 3*z. Is o a composite number?
True
Let d = 59633 - 30640. Is d composite?
True
Let r(o) = 28*o**3 - 3*o**2 + 4*o + 8. Let l be r(-5). Let q be 3/(-3) - 2/2*l. Suppose -10*u + 2944 + q = 0. Is u prime?
True
Suppose -17*z = v - 19*z - 45651, 5*z + 91298 = 2*v. Is v composite?
False
Suppose -50*h + 55*h + 3*d = 11200, -3*h + 5*d + 6754 = 0. Is h a prime number?
True
Let t(h) = 3*h**2 - 5*h + 3. Let y be t(2). Let f(u) = 2*u**3 + y*u**2 - u**2 - 23 + 20 - 3*u - u**2. Is f(7) composite?
False
Suppose -9*x = -224954 + 33655 - 717692. Is x prime?
True
Let y(s) be the first derivative of -s**2 + 1/3*s**3 + 4*s - 8. Is y(3) a composite number?
False
Let d(j) = 29272*j - 85. Let x be d(5). Suppose -x - 43533 = -16*p. Is p composite?
False
Let x = 130427 + 140334. Is x a prime number?
True
Let x be 4/(-6)*10983/(-14). Suppose 0 = -4*f + 1910 + 2106. Let d = f - x. Is d a composite number?
True
Let d = -53 - -56. Suppose 5*t + 28 = -l, -t + d*l = 2*t + 6. Let f(y) = -y**3 - 2*y**2 + 5*y + 5. Is f(t) a prime number?
False
Suppose 5*d = 71 + 54. Suppose -s + d + 454 = 0. Suppose s = 2*m - 179. Is m prime?
False
Suppose -4*h - 17711 = 5*r - 63526, 4*r + 5*h = 36661. Let n = -2108 + r. Is n a composite number?
True
Let c be 4/1 - (11 - 40038). Suppose -3*s + 7*s = -g + c, -3*s - 5*g = -30036. Is s composite?
False
Let b = 226 - 127. Let x be (b/2)/(8/((-480)/(-9))). Suppose 0 = -2*u + f + x, -f + 648 = -u + 5*u. Is u composite?
False
Let j(l) = -30*l**3 + 6*l**2 + 76*l - 37